2*z + 2*h. What is the highest common divisor of z and 1232?
154
Suppose -3*s - 17 = -5. Let k be 9/(-12)*s - -27. Let j be 4 - (66/k + (-1)/5). Calculate the highest common divisor of j and 22.
2
Let r(u) = u**3 - 11*u**2 + 16*u - 4. Let j be r(11). Let p = -168 + j. What is the greatest common divisor of p and 100?
4
Suppose 98*i = -121*i + 2628. Calculate the greatest common factor of 606 and i.
6
Suppose -7*j - c = -1828, 19*j - 5*c = 17*j + 480. What is the highest common factor of j and 1020?
20
Let m be -5 + 1 + 2 + 1*-1. Let n(z) = -z**2 - 5*z + 6. Let y be n(m). Let b be (5 - 51)*(-6 + (3 - 3)). What is the highest common divisor of b and y?
12
Suppose 3*k - 31 = -l, 5*l + 25 = 2*k + 10*l. Suppose k*f - 2064 = -33*f. What is the greatest common factor of 6 and f?
6
Suppose 657 = 10*h - 183. Let r be (-11)/(66/36) + h. Calculate the greatest common divisor of 6 and r.
6
Suppose 3*y + 2*r - 7 = 2, 5*r = -2*y + 6. Suppose 7*h - 64 = y*h. Let i = h + 32. What is the greatest common factor of 36 and i?
12
Let j = 7206 + -7190. Calculate the highest common factor of 34688 and j.
16
Let h = 820 + -738. What is the greatest common factor of 4838 and h?
82
Suppose 4*o - 28 = 0, -2*o - 2987 = 5*w - 8921. Calculate the greatest common factor of 1258 and w.
74
Let t = -285 + 323. Suppose 4*b = t + 34. What is the highest common factor of b and 12?
6
Let f(c) = -39*c + 412. Let v be f(-45). What is the greatest common divisor of 11 and v?
11
Let x(g) = 21*g**2 + 32*g - 9. Let q be x(-3). What is the highest common factor of 516 and q?
12
Let i = 154 + 2. Let l = 13099 + -12891. Calculate the greatest common divisor of l and i.
52
Let v(z) = 27*z**2 + 2*z + 1. Let p be v(-1). Let j = -481 - -494. Let d be (-378)/(-1)*j/p. What is the greatest common divisor of d and 27?
27
Suppose 0 = 4*b - 83 - 133. Suppose b = 20*o - 17*o. Calculate the greatest common factor of 6 and o.
6
Let z(u) = -7*u + 98. Let s = -17 - 8. Let t be z(s). What is the greatest common factor of t and 39?
39
Let u = -252 + 117. Let r be 8/(-10)*(u/2)/9. Let j be -3*16/(-12)*r. What is the highest common divisor of 72 and j?
24
Let c(m) = 41*m - 216. Let x be c(5). Let k(n) = -2*n**3 - 20*n**2 + 21*n + 31. Let b be k(x). Calculate the highest common divisor of 6 and b.
6
Let l be ((-10)/(-2))/((-3)/(6/2)). Let p(y) = -10*y - 31. Let u be p(l). Suppose z - 2*z = -133. Calculate the highest common divisor of z and u.
19
Let d = -3259 - -3289. Calculate the highest common divisor of 1005 and d.
15
Let q(k) = -590*k - 1440. Let g be q(-15). What is the greatest common divisor of g and 90?
30
Let i be 2060/(-36) + 6/27. Let d = i - -60. Let w = 10 - 7. What is the greatest common divisor of d and w?
3
Suppose 5*w = 4*z + 3*w - 5626, -5*w + 5 = 0. What is the highest common factor of z and 21?
21
Let w = 178 + -359. Let p = 482 + w. Calculate the greatest common divisor of 86 and p.
43
Let z(h) = 35*h**2 + 11*h - 10. Let a be z(1). What is the highest common factor of a and 927?
9
Suppose 0 = 432*c + 401*c - 809*c - 720. Calculate the highest common divisor of 834 and c.
6
Suppose -3 = -4*p - 10 + 47. What is the greatest common divisor of p and 7510?
10
Let o = 4 - 1. Suppose 0 = -g + 4*l + 19, o*g - 3*l + 0 = 21. Suppose d - g*k = -2*d + 3, -20 = -4*k. Calculate the greatest common divisor of d and 2.
2
Suppose 3*m - 12 = -5*l - 0, l = 0. Suppose -5*w + 115 = -m*q + 5*q, 190 = 2*q + 2*w. What is the highest common factor of q and 135?
45
Let a be 7 + (-9 - -838) + -1. Suppose 0 = -5*k + 5*h + a, -2*h + 4*h = -k + 161. Calculate the highest common divisor of k and 220.
55
Let z(g) = -6*g**2 + 45*g - 41. Let v be z(5). Calculate the highest common divisor of 1037 and v.
17
Let l be 22*(-69)/(-6) + 0. Suppose 2*y + b - 26 = 0, 4*y + 161*b = 162*b + 40. Calculate the highest common divisor of l and y.
11
Suppose 5*w + 5*j + 21 = 11, 4*j + 4 = -2*w. Let m be -1*(w + 4) - (-45 - -2). Calculate the highest common factor of m and 943.
41
Let m = -6648 + 6711. What is the highest common divisor of m and 135?
9
Suppose 6338*w - 26364 = 6335*w - 4*z, w - 3*z - 8801 = 0. What is the highest common divisor of w and 56?
56
Suppose 10256 = y - 157*g + 154*g, 0 = -5*y - g + 51408. Calculate the highest common factor of 40 and y.
40
Suppose 171*t - 5860 = 161*t. Calculate the greatest common factor of t and 2.
2
Let z = -8584 + 8593. Suppose 0 = -0*k - 2*k - 2*i + 76, -4*k + 3*i + 117 = 0. Calculate the greatest common factor of k and z.
3
Let t be 28/5 - ((-34)/10 - -4). Suppose 4*m + t*r + 17 = 0, -18 = 2*m - m + 4*r. Let g be 84*(2 - 3/m). What is the greatest common divisor of g and 168?
42
Let x be (-1310)/(-11) + 16/(-176). Suppose 5*l - 105 = -2*v, 3*v = x - 104. Calculate the highest common factor of l and 76.
19
Let v(l) = 2*l + 33. Let r be v(-15). Suppose h = 2*s + 3*h + 2, -17 = -r*s + 2*h. Suppose -s*x - 46 = -4*x. What is the greatest common factor of 23 and x?
23
Let q(v) = -34 - v**2 - 3*v**2 + 29 - 3*v - 2*v - 2*v**3. Let t be q(-2). Suppose f - t = 7. Calculate the highest common factor of f and 6.
6
Let x(v) = -v**2 - 94*v + 3560. Let l be x(28). Let u be 2*2/2*8. Calculate the highest common divisor of u and l.
16
Let j be ((-16)/24)/(4/(-138)). Let p be 30 - (-4 - -1 - 1). Let u be 699/15 + (p/10 - 4). What is the highest common factor of u and j?
23
Let h(q) = q**2 + 29*q - 190. Let r be h(6). Calculate the greatest common divisor of r and 1620.
20
Let n be ((-57480)/(-66) - (-1)/11) + -2. Suppose 2*a - l = n, a - 452 = -0*a + 4*l. Calculate the greatest common divisor of a and 162.
54
Suppose 12862 = 5*r - o - 1290, 0 = -3*r + 4*o + 8481. Calculate the highest common divisor of 1043 and r.
149
Let i = 50 + -48. Let t be i/3*(8 - 2). Suppose 0 = 2*r - 5*r - j + 25, 0 = 5*r - t*j - 19. What is the highest common divisor of r and 35?
7
Suppose -2*g + 12030 = 5*d, -g + 1554 = -d - 4447. Calculate the greatest common factor of g and 10.
5
Let d = -22 + 19. Let a be (-2 - -1) + d - -14. Suppose -30 = -8*y + 130. Calculate the highest common divisor of a and y.
10
Suppose -1180*o + 1187*o + 42 = 0. Let b be ((-6)/(-8))/(10/(966 + o)). What is the greatest common factor of b and 252?
36
Suppose 5*l - 2*j - 458 = 0, -4*j = -8 + 4. Let o = -71 + l. Calculate the greatest common divisor of 6 and o.
3
Let z = -375 - -1805. Suppose -z = -6*t - 500. What is the greatest common divisor of 31 and t?
31
Let t be 9/(-2)*-10 + -2. Suppose 2*j - t = -5*z, -6*z + z + 3*j + 23 = 0. What is the greatest common factor of z and 63?
7
Let d be 2 + (108 - -10)*4/8. Let v be (5 - 3)/(-2 + 1) - -978. Calculate the highest common factor of d and v.
61
Let o = 3291 + -2997. Calculate the greatest common divisor of o and 1050.
42
Let y(o) = -o**3 + 20*o**2 + 213*o - 133. Let u be y(25). Calculate the greatest common divisor of u and 897.
39
Let d be 828/(-13 + 17)*6. What is the highest common divisor of 72 and d?
18
Suppose -2*i + 2*x = -6506, -69*x = -73*x - 12. What is the greatest common divisor of i and 13?
13
Let s(t) = -2*t**2 + 19*t + 13. Let a be s(16). Let l = a + 205. What is the highest common divisor of l and 40?
10
Let q = -329 + 334. Suppose -2*y + 40 = z, -4*z = q*y - 0*y - 94. Let d = 340 - 142. What is the greatest common factor of d and y?
22
Let z(s) = 11*s - 387. Let i be z(40). Calculate the highest common divisor of i and 1643.
53
Let o be (-178)/8 - (-28)/112. Let f be -8 - -6 - o - 5. What is the greatest common factor of f and 1065?
15
Let g = -14333 - -14421. Suppose d = 4*d - 429. What is the greatest common divisor of g and d?
11
Suppose -459*b - 18959 = -26303. Let z(n) = -n**3 + 7*n**2 + 2*n + 10. Let d be z(7). Calculate the highest common divisor of d and b.
8
Let z = 5 - -19. Let x(q) = 15*q + 24. Let u be x(0). What is the greatest common factor of u and z?
24
Suppose d = -30*d + 310. What is the greatest common divisor of 102 and d?
2
Let x(s) = s**2 + 6*s + 3276. Let t be x(0). Calculate the greatest common divisor of t and 168.
84
Let s be (-14)/77 - (-243656)/154. What is the highest common factor of 448 and s?
14
Let i(s) = 6*s**2 - 2*s - 4. Let m be i(3). Let n be -5 + (-42)/(-2 + -5). Let r be 4*6/24 - (-2 - n). Calculate the greatest common divisor of r and m.
4